{"id":1055,"date":"2019-12-23T10:35:24","date_gmt":"2019-12-23T10:35:24","guid":{"rendered":"https:\/\/dev-managing-ils-reporting.pantheonsite.io\/herramientas\/entire-year-checklist-for-reports-on-ratified-conventions-national-administrations\/june-august\/"},"modified":"2020-01-09T16:44:02","modified_gmt":"2020-01-09T16:44:02","slug":"june-august","status":"publish","type":"page","link":"https:\/\/managing-ils-reporting.itcilo.org\/es\/herramientas\/entire-year-checklist-for-reports-on-ratified-conventions-national-administrations\/june-august\/","title":{"rendered":"Junio-Agosto"},"content":{"rendered":"<p><strong>Medidas a adoptar por la OIT<\/strong><\/p>\n<ul>\n<li>La Oficina est\u00e1 preparada para recibir las memorias.<\/li>\n<li>La Oficina, y especialmente el Equipo de Apoyo T\u00e9cnico sobre Trabajo Decente que cubre su pa\u00eds, est\u00e1 a disposici\u00f3n para brindar a su Gobierno cualquier ayuda t\u00e9cnica que pueda necesitar en materia tanto de sumisi\u00f3n de las memorias para presentar como cuestiones planteadas por la Comisi\u00f3n de Expertos en sus comentarios.<\/li>\n<\/ul>\n<p><strong>Medidas a adoptar por las administraciones locales<\/strong><\/p>\n\n<div class=\"wpcf7 no-js\" id=\"wpcf7-f1021-o1\" lang=\"en-US\" dir=\"ltr\" data-wpcf7-id=\"1021\">\n<div class=\"screen-reader-response\"><p role=\"status\" aria-live=\"polite\" aria-atomic=\"true\"><\/p> <ul><\/ul><\/div>\n<form action=\"\/es\/wp-json\/wp\/v2\/pages\/1055#wpcf7-f1021-o1\" method=\"post\" class=\"wpcf7-form init\" aria-label=\"Contact form\" novalidate=\"novalidate\" data-status=\"init\">\n<fieldset class=\"hidden-fields-container\"><input type=\"hidden\" name=\"_wpcf7\" value=\"1021\" \/><input type=\"hidden\" name=\"_wpcf7_version\" value=\"6.1.5\" \/><input type=\"hidden\" name=\"_wpcf7_locale\" value=\"en_US\" \/><input type=\"hidden\" name=\"_wpcf7_unit_tag\" value=\"wpcf7-f1021-o1\" \/><input type=\"hidden\" name=\"_wpcf7_container_post\" value=\"0\" \/><input type=\"hidden\" name=\"_wpcf7_posted_data_hash\" value=\"\" \/><input type=\"hidden\" name=\"_wpcf7cf_hidden_group_fields\" value=\"[]\" \/><input type=\"hidden\" name=\"_wpcf7cf_hidden_groups\" value=\"[]\" \/><input type=\"hidden\" name=\"_wpcf7cf_visible_groups\" value=\"[]\" \/><input type=\"hidden\" name=\"_wpcf7cf_repeaters\" value=\"[]\" \/><input type=\"hidden\" name=\"_wpcf7cf_steps\" value=\"{}\" \/><input type=\"hidden\" name=\"_wpcf7cf_options\" value=\"{&quot;form_id&quot;:1021,&quot;conditions&quot;:[{&quot;then_field&quot;:&quot;a&quot;,&quot;and_rules&quot;:[{&quot;if_field&quot;:&quot;radio-1&quot;,&quot;operator&quot;:&quot;equals&quot;,&quot;if_value&quot;:&quot;Si&quot;}]},{&quot;then_field&quot;:&quot;b&quot;,&quot;and_rules&quot;:[{&quot;if_field&quot;:&quot;radio-1&quot;,&quot;operator&quot;:&quot;equals&quot;,&quot;if_value&quot;:&quot;No&quot;}]}],&quot;settings&quot;:{&quot;animation&quot;:&quot;yes&quot;,&quot;animation_intime&quot;:200,&quot;animation_outtime&quot;:200,&quot;conditions_ui&quot;:&quot;normal&quot;,&quot;notice_dismissed&quot;:false}}\" \/><input type=\"hidden\" name=\"_wpcf7_recaptcha_response\" value=\"\" \/>\n<\/fieldset>\n<p><strong>\u00bfConoce los procedimientos pr\u00e1cticos para la presentaci\u00f3n de las memorias en virtud del art\u00edculo 22?<\/strong><br \/>\n<span class=\"wpcf7-form-control-wrap\" data-name=\"radio-1\"><span class=\"wpcf7-form-control wpcf7-radio\"><span class=\"wpcf7-list-item first\"><label><span class=\"wpcf7-list-item-label\">Si<\/span><input type=\"radio\" name=\"radio-1\" value=\"Si\" \/><\/label><\/span><span class=\"wpcf7-list-item last\"><label><span class=\"wpcf7-list-item-label\">No<\/span><input type=\"radio\" name=\"radio-1\" value=\"No\" \/><\/label><\/span><\/span><\/span>\n<\/p>\n<div data-id=\"a\" data-orig_data_id=\"a\" data-clear_on_hide class=\"\" data-class=\"wpcf7cf_group\">\n\t<p>\u00a1Excelente! En este caso, puede contribuir a aumentar el n\u00famero de memorias recibidas a tiempo. El env\u00edo de memorias a tiempo contribuir\u00e1 al buen funcionamiento del procedimiento de control regular.\n\t<\/p>\n\t<p>Recordatorio 1: Las memorias en virtud del art\u00edculo 22 deber\u00e1n llegar a la Oficina entre el 1.\u00b0 de junio y el 1.\u00b0 de septiembre, a m\u00e1s tardar. No es necesario presentar todas las memorias simult\u00e1neamente. Las memorias se pueden presentar en copias impresas, por fax o por correo electr\u00f3nico. Se invitan a los Gobiernos a que remitan las memorias por correo electr\u00f3nico, acompa\u00f1adas por una copia escaneada de la p\u00e1gina firmada. La mayor\u00eda de las memorias incluyen informaci\u00f3n en forma de documentos adjuntos. Se invitan a los gobiernos a que no env\u00eden copias impresas de informaci\u00f3n que est\u00e1 disponible para el p\u00fablico en formato electr\u00f3nico. En el caso de que la documentaci\u00f3n se remita de otra forma, como por ejemplo por correo ordinario, se deber\u00e1 indicar claramente en la memoria y se deber\u00e1 remitir con la mayor celeridad posible.\n\t<\/p>\n\t<p>Recordatorio 2: Hay pruebas en curso para preparar memorias en l\u00ednea, pero la posibilidad de presentar memorias en l\u00ednea todav\u00eda no est\u00e1 disponible.\n\t<\/p>\n\t<p>Recordatorio 3: A menos que ya no se haya hecho, es necesario remitir copias de las memorias en virtud del art\u00edculo 22 a las organizaciones representativas de empleadores y trabajadores. Esto se puede hacer antes de finalizar la redacci\u00f3n de las memorias o, a m\u00e1s tardar, al enviar las memorias a la Oficina en la fecha debida.\n\t<\/p>\n<\/div>\n<div data-id=\"b\" data-orig_data_id=\"b\" data-clear_on_hide class=\"\" data-class=\"wpcf7cf_group\">\n\t<p>Las memorias en virtud del art\u00edculo 22 deber\u00e1n llegar a la Oficina entre el 1.\u00b0 de junio y el 1.\u00b0 de septiembre, a m\u00e1s tardar. No es necesario presentar todas las memorias simult\u00e1neamente. Las memorias se pueden presentar en copias impresas, por fax o por correo electr\u00f3nico. Se invitan a los gobiernos a que remitan las memorias por correo electr\u00f3nico, acompa\u00f1adas por una copia escaneada de la p\u00e1gina firmada. La mayor\u00eda de las memorias incluyen informaci\u00f3n en forma de documentos adjuntos. Se invitan a los gobiernos a que no env\u00eden copias impresas de informaci\u00f3n que est\u00e1 disponible para el p\u00fablico en formato electr\u00f3nico. En el caso de que la documentaci\u00f3n se remita de otra forma, como por ejemplo por correo ordinario, se deber\u00e1 indicar claramente en la memoria y se deber\u00e1 remitir con la mayor celeridad posible.\n\t<\/p>\n\t<p>Recordatorio 1: Hay pruebas en curso para preparar memorias en l\u00ednea, pero la posibilidad de presentar memorias en l\u00ednea todav\u00eda no est\u00e1 disponible.\n\t<\/p>\n\t<p>Recordatorio 2: A menos que ya no se haya hecho, es necesario remitir copias de las memorias en virtud del art\u00edculo 22 a las organizaciones representativas de empleadores y trabajadores. Esto se puede hacer antes de finalizar la redacci\u00f3n de las memorias o, a m\u00e1s tardar, al enviar las memorias a la Oficina en la fecha debida.\n\t<\/p>\n<\/div>\n<p><a href=\"javascript:window.print()\">Submit and print your form<\/a>\n<\/p><div class=\"wpcf7-response-output\" aria-hidden=\"true\"><\/div>\n<\/form>\n<\/div>\n\n","protected":false},"excerpt":{"rendered":"<p>Medidas a adoptar por la OIT La Oficina est\u00e1 preparada para recibir las memorias. La Oficina, y especialmente el Equipo de Apoyo T\u00e9cnico sobre Trabajo Decente que cubre su pa\u00eds, est\u00e1 a disposici\u00f3n para brindar a su Gobierno cualquier ayuda t\u00e9cnica que pueda necesitar en materia tanto de sumisi\u00f3n de las memorias para presentar como [&hellip;]<\/p>\n","protected":false},"author":1,"featured_media":0,"parent":931,"menu_order":0,"comment_status":"closed","ping_status":"closed","template":"","meta":{"footnotes":""},"class_list":["post-1055","page","type-page","status-publish","hentry"],"_links":{"self":[{"href":"https:\/\/managing-ils-reporting.itcilo.org\/es\/wp-json\/wp\/v2\/pages\/1055","targetHints":{"allow":["GET"]}}],"collection":[{"href":"https:\/\/managing-ils-reporting.itcilo.org\/es\/wp-json\/wp\/v2\/pages"}],"about":[{"href":"https:\/\/managing-ils-reporting.itcilo.org\/es\/wp-json\/wp\/v2\/types\/page"}],"author":[{"embeddable":true,"href":"https:\/\/managing-ils-reporting.itcilo.org\/es\/wp-json\/wp\/v2\/users\/1"}],"replies":[{"embeddable":true,"href":"https:\/\/managing-ils-reporting.itcilo.org\/es\/wp-json\/wp\/v2\/comments?post=1055"}],"version-history":[{"count":1,"href":"https:\/\/managing-ils-reporting.itcilo.org\/es\/wp-json\/wp\/v2\/pages\/1055\/revisions"}],"predecessor-version":[{"id":1057,"href":"https:\/\/managing-ils-reporting.itcilo.org\/es\/wp-json\/wp\/v2\/pages\/1055\/revisions\/1057"}],"up":[{"embeddable":true,"href":"https:\/\/managing-ils-reporting.itcilo.org\/es\/wp-json\/wp\/v2\/pages\/931"}],"wp:attachment":[{"href":"https:\/\/managing-ils-reporting.itcilo.org\/es\/wp-json\/wp\/v2\/media?parent=1055"}],"curies":[{"name":"wp","href":"https:\/\/api.w.org\/{rel}","templated":true}]}}

<p><strong>Medidas a adoptar por la OIT</strong></p>
<ul>
<li>La Oficina está preparada para recibir las memorias.</li>
<li>La Oficina, y especialmente el Equipo de Apoyo Técnico sobre Trabajo Decente que cubre su país, está a disposición para brindar a su Gobierno cualquier ayuda técnica que pueda necesitar en materia tanto de sumisión de las memorias para presentar como cuestiones planteadas por la Comisión de Expertos en sus comentarios.</li>
</ul>
<p><strong>Medidas a adoptar por las administraciones locales</strong></p>

<div class="wpcf7 no-js" id="wpcf7-f1021-o1" lang="en-US" dir="ltr" data-wpcf7-id="1021">
<div class="screen-reader-response"><p role="status" aria-live="polite" aria-atomic="true"></p> <ul></ul></div>
<form action="/es/wp-json/wp/v2/pages/1055#wpcf7-f1021-o1" method="post" class="wpcf7-form init" aria-label="Contact form" novalidate="novalidate" data-status="init">
<fieldset class="hidden-fields-container"><input type="hidden" name="_wpcf7" value="1021" /><input type="hidden" name="_wpcf7_version" value="6.1.5" /><input type="hidden" name="_wpcf7_locale" value="en_US" /><input type="hidden" name="_wpcf7_unit_tag" value="wpcf7-f1021-o1" /><input type="hidden" name="_wpcf7_container_post" value="0" /><input type="hidden" name="_wpcf7_posted_data_hash" value="" /><input type="hidden" name="_wpcf7cf_hidden_group_fields" value="[]" /><input type="hidden" name="_wpcf7cf_hidden_groups" value="[]" /><input type="hidden" name="_wpcf7cf_visible_groups" value="[]" /><input type="hidden" name="_wpcf7cf_repeaters" value="[]" /><input type="hidden" name="_wpcf7cf_steps" value="{}" /><input type="hidden" name="_wpcf7cf_options" value="{&quot;form_id&quot;:1021,&quot;conditions&quot;:[{&quot;then_field&quot;:&quot;a&quot;,&quot;and_rules&quot;:[{&quot;if_field&quot;:&quot;radio-1&quot;,&quot;operator&quot;:&quot;equals&quot;,&quot;if_value&quot;:&quot;Si&quot;}]},{&quot;then_field&quot;:&quot;b&quot;,&quot;and_rules&quot;:[{&quot;if_field&quot;:&quot;radio-1&quot;,&quot;operator&quot;:&quot;equals&quot;,&quot;if_value&quot;:&quot;No&quot;}]}],&quot;settings&quot;:{&quot;animation&quot;:&quot;yes&quot;,&quot;animation_intime&quot;:200,&quot;animation_outtime&quot;:200,&quot;conditions_ui&quot;:&quot;normal&quot;,&quot;notice_dismissed&quot;:false}}" /><input type="hidden" name="_wpcf7_recaptcha_response" value="" />
</fieldset>
<p><strong>¿Conoce los procedimientos prácticos para la presentación de las memorias en virtud del artículo 22?</strong><br />
<span class="wpcf7-form-control-wrap" data-name="radio-1"><span class="wpcf7-form-control wpcf7-radio"><span class="wpcf7-list-item first"><label><span class="wpcf7-list-item-label">Si</span><input type="radio" name="radio-1" value="Si" /></label></span><span class="wpcf7-list-item last"><label><span class="wpcf7-list-item-label">No</span><input type="radio" name="radio-1" value="No" /></label></span></span></span>
</p>
<div data-id="a" data-orig_data_id="a" data-clear_on_hide class="" data-class="wpcf7cf_group">
	<p>¡Excelente! En este caso, puede contribuir a aumentar el número de memorias recibidas a tiempo. El envío de memorias a tiempo contribuirá al buen funcionamiento del procedimiento de control regular.
	</p>
	<p>Recordatorio 1: Las memorias en virtud del artículo 22 deberán llegar a la Oficina entre el 1.° de junio y el 1.° de septiembre, a más tardar. No es necesario presentar todas las memorias simultáneamente. Las memorias se pueden presentar en copias impresas, por fax o por correo electrónico. Se invitan a los Gobiernos a que remitan las memorias por correo electrónico, acompañadas por una copia escaneada de la página firmada. La mayoría de las memorias incluyen información en forma de documentos adjuntos. Se invitan a los gobiernos a que no envíen copias impresas de información que está disponible para el público en formato electrónico. En el caso de que la documentación se remita de otra forma, como por ejemplo por correo ordinario, se deberá indicar claramente en la memoria y se deberá remitir con la mayor celeridad posible.
	</p>
	<p>Recordatorio 2: Hay pruebas en curso para preparar memorias en línea, pero la posibilidad de presentar memorias en línea todavía no está disponible.
	</p>
	<p>Recordatorio 3: A menos que ya no se haya hecho, es necesario remitir copias de las memorias en virtud del artículo 22 a las organizaciones representativas de empleadores y trabajadores. Esto se puede hacer antes de finalizar la redacción de las memorias o, a más tardar, al enviar las memorias a la Oficina en la fecha debida.
	</p>
</div>
<div data-id="b" data-orig_data_id="b" data-clear_on_hide class="" data-class="wpcf7cf_group">
	<p>Las memorias en virtud del artículo 22 deberán llegar a la Oficina entre el 1.° de junio y el 1.° de septiembre, a más tardar. No es necesario presentar todas las memorias simultáneamente. Las memorias se pueden presentar en copias impresas, por fax o por correo electrónico. Se invitan a los gobiernos a que remitan las memorias por correo electrónico, acompañadas por una copia escaneada de la página firmada. La mayoría de las memorias incluyen información en forma de documentos adjuntos. Se invitan a los gobiernos a que no envíen copias impresas de información que está disponible para el público en formato electrónico. En el caso de que la documentación se remita de otra forma, como por ejemplo por correo ordinario, se deberá indicar claramente en la memoria y se deberá remitir con la mayor celeridad posible.
	</p>
	<p>Recordatorio 1: Hay pruebas en curso para preparar memorias en línea, pero la posibilidad de presentar memorias en línea todavía no está disponible.
	</p>
	<p>Recordatorio 2: A menos que ya no se haya hecho, es necesario remitir copias de las memorias en virtud del artículo 22 a las organizaciones representativas de empleadores y trabajadores. Esto se puede hacer antes de finalizar la redacción de las memorias o, a más tardar, al enviar las memorias a la Oficina en la fecha debida.
	</p>
</div>
<p><a href="javascript:window.print()">Submit and print your form</a>
</p><div class="wpcf7-response-output" aria-hidden="true"></div>
</form>
</div>

<p>Medidas a adoptar por la OIT La Oficina está preparada para recibir las memorias. La Oficina, y especialmente el Equipo de Apoyo Técnico sobre Trabajo Decente que cubre su país, está a disposición para brindar a su Gobierno cualquier ayuda técnica que pueda necesitar en materia tanto de sumisión de las memorias para presentar como [&hellip;]</p>
